 divisor of 5 and 14130460.
5
Calculate the highest common divisor of 7359 and 13984107.
669
Calculate the greatest common factor of 4248 and 76959954.
1062
Calculate the greatest common factor of 24888 and 2299029.
3111
Calculate the highest common factor of 12 and 303841716.
12
What is the greatest common divisor of 9118746 and 95?
19
What is the highest common divisor of 48 and 1669137072?
48
Calculate the greatest common factor of 25434582 and 34062.
4866
Calculate the highest common factor of 142923 and 5114769.
2343
Calculate the highest common divisor of 190072 and 2024.
184
What is the greatest common factor of 2379 and 153665161?
793
What is the highest common divisor of 136471979 and 371?
371
Calculate the highest common divisor of 33914438 and 6152.
1538
Calculate the highest common divisor of 1180 and 3776590.
590
What is the highest common divisor of 24820 and 156074?
146
What is the greatest common factor of 1784602 and 9686?
58
Calculate the highest common divisor of 35325807 and 1254.
627
What is the greatest common factor of 1061216 and 2896?
16
What is the greatest common divisor of 20219290 and 1190?
1190
What is the highest common divisor of 2362434 and 24?
6
Calculate the greatest common factor of 171328 and 91904.
64
Calculate the greatest common divisor of 4006793 and 77.
7
What is the greatest common divisor of 1485730 and 2?
2
What is the greatest common factor of 30403746 and 1116?
558
Calculate the highest common factor of 333114 and 25407.
2823
What is the greatest common factor of 81804160 and 6400?
640
What is the highest common divisor of 141134375 and 1235?
95
Calculate the greatest common factor of 97578181 and 51.
17
Calculate the highest common divisor of 1313238 and 6234.
6
Calculate the greatest common factor of 59910526 and 39.
13
What is the greatest common divisor of 50355 and 450957?
1119
Calculate the highest common factor of 522192 and 127248.
528
What is the greatest common factor of 878088 and 16?
8
What is the greatest common factor of 66453 and 15147?
51
Calculate the highest common factor of 169 and 2773.
1
Calculate the greatest common divisor of 36714755 and 32571.
3619
Calculate the greatest common divisor of 263083905 and 630.
315
Calculate the greatest common divisor of 7052 and 25517662.
3526
What is the greatest common divisor of 90454968 and 648?
648
What is the highest common divisor of 8110755 and 4545?
45
What is the highest common factor of 65 and 54931747?
13
What is the greatest common divisor of 1741892 and 88694?
1454
Calculate the highest common factor of 13217575 and 175.
175
What is the highest common factor of 476 and 4552784348?
476
What is the highest common factor of 229008 and 1358634?
2202
What is the highest common divisor of 1945 and 102805?
5
Calculate the highest common factor of 1476 and 19268196.
492
Calculate the highest common divisor of 38358600 and 476.
28
Calculate the highest common factor of 8703 and 2064545.
967
What is the highest common factor of 261 and 730808613?
261
Calculate the greatest common factor of 250324565 and 795.
265
Calculate the highest common divisor of 535620379 and 142.
71
What is the greatest common divisor of 11040 and 4870112?
736
Calculate the greatest common factor of 531576266 and 182.
26
What is the highest common divisor of 110412811 and 46?
23
Calculate the highest common factor of 8005910 and 803000.
8030
Calculate the greatest common divisor of 1576105 and 541360.
505
What is the greatest common factor of 1448684 and 3692?
284
Calculate the greatest common factor of 1562090 and 270.
10
What is the greatest common factor of 18560680 and 1036?
148
Calculate the greatest common factor of 164 and 114377741.
41
Calculate the highest common divisor of 969128 and 90988.
2116
What is the highest common factor of 45322816 and 3787?
3787
Calculate the greatest common divisor of 902503 and 33201.
217
Calculate the highest common factor of 9 and 116286039.
9
What is the highest common divisor of 33 and 36337191?
33
What is the greatest common divisor of 13676 and 3205444?
1052
Calculate the highest common factor of 15869 and 124156789.
2267
Calculate the greatest common divisor of 2426 and 2826.
2
Calculate the highest common divisor of 7592 and 1495169.
13
Calculate the highest common divisor of 66240 and 1449.
207
Calculate the greatest common factor of 35 and 6523482.
7
What is the greatest common divisor of 230 and 23433458?
46
Calculate the highest common divisor of 34011305 and 765.
85
Calculate the greatest common divisor of 1561950 and 934050.
1950
Calculate the highest common divisor of 13887467 and 189167.
6523
Calculate the highest common factor of 355025 and 133925.
275
Calculate the highest common divisor of 564 and 56456.
4
What is the highest common divisor of 1565 and 40445?
5
What is the greatest common factor of 142 and 5846921?
71
Calculate the highest common factor of 2737600 and 1400896.
3776
What is the highest common factor of 153 and 9362187?
9
Calculate the highest common divisor of 21567381 and 4257.
1419
What is the highest common factor of 228 and 7835505?
57
Calculate the highest common factor of 99983 and 67795.
13
Calculate the greatest common factor of 268458 and 2586234.
2658
Calculate the highest common divisor of 33300 and 57461.
37
What is the greatest common factor of 810540 and 465804?
2052
What is the highest common divisor of 7729 and 163619?
131
Calculate the greatest common divisor of 763695715 and 725.
145
What is the highest common divisor of 399765 and 97440?
435
What is the greatest common divisor of 9430007 and 639?
71
Calculate the greatest common factor of 782 and 5950.
34
Calculate the greatest common factor of 6910140 and 96.
12
What is the greatest common factor of 3639 and 3123475?
1213
What is the greatest common factor of 934842 and 6845?
37
Calculate the highest common factor of 510 and 5737398.
102
Calculate the highest common factor of 58560 and 47655030.
1830
What is the highest common factor of 385752 and 4632?
24
Calculate the greatest common divisor of 14946 and 58942042.
4982
What is the greatest common factor of 1592560440 and 135?
135
Calculate the highest common divisor of 87311892 and 9615.
1923
What is the highest common divisor of 122565082 and 1146?
382
What is the highest common factor of 7454790 and 4480?
70
What is the highest common factor of 720 and 1379120?
80
What is the highest common divisor of 13008 and 124165696?
4336
What is the highest common factor of 1730 and 38151690?
1730
What is the greatest common factor of 1184 and 1475560?
296
Calculate the greatest common factor of 5937785 and 35.
35
What is the highest common factor of 2040 and 4862408?
136
Calculate the greatest common factor of 6352760 and 135095.
3295
What is the greatest common factor of 61464 and 14664?
312
Calculate the greatest common divisor of 39380 and 527290324.
7876
Calculate the highest common divisor of 11187 and 50591343.
3729
What is the greatest common divisor of 35647 and 531389?
829
What is the greatest common divisor of 130777617 and 261?
87
Calculate the greatest common factor of 767 and 685633.
13
What is the greatest common divisor of 4646572 and 274216?
604
Calculate the highest common divisor of 5243606 and 464.
58
What is the highest common divisor of 2536117530 and 570?
570
Calculate the highest common divisor of 8567715 and 3180.
795
What is the highest common divisor of 240108232 and 91?
91
Calculate the highest common divisor of 6243556 and 4.
4
Calculate the highest common divisor of 701316 and 110748.
132
Calculate the highest common divisor of 422047746 and 918.
918
What is the greatest common factor of 78 and 14136720?
78
Calculate the greatest common factor of 1342066 and 8162.
1166
Calculate the greatest common divisor of 152250 and 7511.
203
Calculate the highest common factor of 99567966 and 14536.
3634
Calculate the highest common factor of 530297600 and 11200.
11200
What is the greatest common divisor of 757208 and 14584?
8
Calculate the greatest common divisor of 331265113 and 842.
421
What is the greatest common factor of 6 and 3081322?
2
What is the highest common divisor of 7480 and 17613640?
440
What is the highest common factor of 913826 and 26493